nvert -770 (base 13) to base 8.
-2372
-3f3 (base 16) to base 8
-1763
11301 (base 5) to base 16
33a
-2489 (base 13) to base 11
-3992
-14433 (base 5) to base 13
-748
What is -622 (base 10) in base 13?
-38b
Convert -3301 (base 7) to base 12.
-821
c22 (base 15) to base 7
10652
1043 (base 7) to base 14
1ca
What is 53f3 (base 16) in base 12?
1052b
What is 2a9b (base 12) in base 11?
384a
What is -125 (base 9) in base 16?
-68
18327 (base 9) to base 11
9570
-247 (base 12) to base 3
-110201
Convert 2000020 (base 3) to base 4.
112320
What is -97 (base 13) in base 12?
-a4
Convert -5a7 (base 12) to base 15.
-3b7
Convert -4cdd (base 14) to base 15.
-4018
What is 54227 (base 9) in base 10?
35908
-100211 (base 3) to base 12
-1a1
Convert -423112 (base 6) to base 13.
-12863
-5634 (base 15) to base 12
-a6aa
Convert 501 (base 13) to base 9.
1140
-2a0 (base 11) to base 15
-187
What is -103706 (base 8) in base 13?
-12a89
-2011 (base 3) to base 10
-58
-14303 (base 8) to base 15
-1d29
18184 (base 9) to base 16
3106
16524 (base 7) to base 9
6426
1000101001 (base 2) to base 13
337
Convert 1000011001110011 (base 2) to base 6.
423203
Convert -861 (base 11) to base 13.
-618
-1050 (base 13) to base 10
-2262
What is -1343 (base 5) in base 3?
-22021
Convert 2114 (base 6) to base 2.
111011110
What is -261 (base 16) in base 4?
-21201
101100111111001 (base 2) to base 8
54771
Convert 899 (base 13) to base 8.
2706
1016 (base 7) to base 6
1352
Convert -397 (base 13) to base 6.
-2531
Convert -204 (base 5) to base 15.
-39
Convert 1000001110 (base 2) to base 5.
4101
What is 562 (base 12) in base 10?
794
What is -26407 (base 8) in base 12?
-6807
What is -3000 (base 7) in base 11?
-856
What is 203 (base 7) in base 14?
73
Convert -45 (base 13) to base 3.
-2010
What is -21 (base 6) in base 3?
-111
Convert 266036 (base 7) to base 13.
19a63
Convert -302 (base 5) to base 12.
-65
What is -22220121 (base 3) in base 6?
-50024
-4329 (base 10) to base 5
-114304
-34222 (base 5) to base 3
-10100021
Convert 114001 (base 6) to base 9.
14561
Convert -1184a (base 11) to base 7.
-100355
Convert 25224 (base 6) to base 4.
322300
What is 2212101 (base 3) in base 9?
2771
1937 (base 11) to base 10
2460
-15e7 (base 15) to base 11
-35a9
What is -aa (base 12) in base 11?
-109
What is -840 (base 10) in base 4?
-31020
Convert -321 (base 11) to base 14.
-1d8
What is -21220200 (base 3) in base 2?
-1011010001001
Convert -499 (base 12) to base 14.
-377
What is 5094 (base 11) in base 6?
51142
-2637 (base 8) to base 10
-1439
Convert -121a (base 15) to base 8.
-7412
4c44 (base 15) to base 14
5cda
Convert -5347 (base 13) to base 6.
-125251
What is -1000001001010010 (base 2) in base 3?
-1200202122
-21145 (base 7) to base 12
-3037
What is a50 (base 11) in base 2?
10011110001
4223003 (base 5) to base 12
3488a
Convert 3113132 (base 4) to base 7.
55130
Convert -3010 (base 5) to base 11.
-316
What is -1110101011 (base 2) in base 11?
-784
Convert 42150 (base 7) to base 14.
3ad0
What is -1110 (base 6) in base 13?
-16b
Convert 236262 (base 7) to base 12.
20a89
-1283 (base 14) to base 9
-4412
Convert -197c (base 13) to base 12.
-2265
Convert 57d (base 16) to base 7.
4045
What is -1b22 (base 13) in base 3?
-12121021
Convert -3132 (base 4) to base 3.
-22020
3a24 (base 12) to base 8
14774
What is 365 (base 9) in base 3?
102012
What is 17f2 (base 16) in base 8?
13762
What is 2da (base 15) in base 11?
546
Convert -234 (base 15) to base 7.
-1312
311030 (base 6) to base 7
132321
Convert -8433 (base 10) to base 2.
-10000011110001
What is 212120 (base 4) in base 5?
34311
-100122 (base 6) to base 3
-101201212
What is -111131 (base 4) in base 9?
-1785
2404 (base 5) to base 14
1b4
What is -56144 (base 7) in base 6?
-145252
Convert 7936 (base 11) to base 5.
313240
What is -2010010 (base 3) in base 13?
-918
1340 (base 6) to base 7
1005
239 (base 15) to base 3
200200
What is 280 (base 13) in base 6?
2014
What is 46a1 (base 11) in base 15?
1c5b
Convert 13 (base 9) to base 7.
15
Convert 1122 (base 8) to base 10.
594
21727 (base 8) to base 16
23d7
What is 1444 (base 8) in base 11?
671
What is -1220112202 (base 3) in base 4?
-21023021
Convert b77 (base 14) to base 12.
1385
What is -1133 (base 7) in base 14?
-21a
9824 (base 13) to base 14
79d1
What is -3e95 (base 15) in base 14?
-4c63
Convert 41552 (base 6) to base 5.
134422
Convert -200122 (base 3) to base 15.
-238
What is -3635 (base 8) in base 7?
-5453
Convert 553323 (base 6) to base 5.
2434011
3414 (base 5) to base 11
400
Convert 16106 (base 7) to base 9.
6165
Convert 8857 (base 10) to base 13.
4054
Convert -915 (base 10) to base 16.
-393
Convert -330 (base 5) to base 8.
-132
What is -243543 (base 7) in base 4?
-22313223
-1702 (base 10) to base 12
-b9a
-21201 (base 4) to base 5
-4414
What is -1467b (base 12) in base 2?
-110111110111111
-1080e (base 15) to base 11
-36442
5aa3 (base 12) to base 5
311303
-1003 (base 10) to base 13
-5c2
Convert 202212202 (base 3) to base 12.
8985
Convert 11244 (base 7) to base 13.
1401
-103232 (base 6) to base 9
-12612
What is 204135 (base 6) in base 7?
66014
Convert -30142 (base 5) to base 12.
-1142
-5413 (base 11) to base 7
-26566
334 (base 11) to base 12
294
24042 (base 9) to base 2
11111011001100
ff (base 16) to base 13
168
-1e5 (base 15) to base 3
-121022
8b38 (base 14) to base 2
101111001011110
Convert 404 (base 7) to base 10.
200
Convert -58e (base 15) to base 6.
-5455
What is -17753 (base 10) in base 14?
-6681
What is 35d (base 14) in base 11?
560
What is 21211 (base 3) in base 14?
111
Convert 10201321 (base 4) to base 5.
1043203
-15093 (base 14) to base 3
-2122200202
22100120 (base 3) to base 2
1011111001010
Convert 1333020 (base 5) to base 7.
142322
What is 553d (base 14) in base 7?
61006
Convert 10350 (base 8) to base 5.
114303
Convert -17368 (base 9) to base 7.
-46616
Convert -37 (base 10) to base 6.
-101
-4338 (base 10) to base 4
-1003302
What is -1ea (base 16) in base 9?
-604
Convert 1820 (base 11) to base 8.
4421
What is -1131431 (base 5) in base 16?
-5182
Convert -24 (base 11) to base 2.
-11010
What is -10705 (base 14) in base 15?
-bbcd
What is 11773 (base 8) in base 10?
5115
-11 (base 10) to base 2
-1011
Convert -5144 (base 13) to base 8.
-25712
Convert 5103 (base 11) to base 5.
204104
Convert -1002010 (base 3) to base 11.
-655
Convert 4650 (base 7) to base 14.
897
What is 343222 (base 5) in base 16?
3018
10000101101 (base 2) to base 10
1069
What is 343a (base 13) in base 14?
2948
Convert 2cf (base 16) to base 15.
32e
2013333 (base 4) to base 9
12840
112353 (base 7) to base 4
10321233
What is -1500 (base 6) in base 13?
-246
2202 (base 5) to base 10
302
What is -11101100101100 (base 2) in base 10?
-15148
-313152 (base 6) to base 7
-133610
Convert -3252 (base 9) to base 4.
-211130
What is -4144 (base 7) in base 11?
-1101
Convert 12034 (base 5) to base 15.
3e9
Convert 56c3 (base 13) to base 3.
121200022
What is -66 (base 8) in base 10?
-54
Convert -1012001 (base 3) to base 10.
-865
-100110000110101 (base 2) to base 7
-110610
What is -13023 (base 7) in base 13?
-1752
15657 (base 11) to base 14
8096
Convert -1711 (base 11) to base 13.
-cc6
What is 32013 (base 5) in base 14?
ac5
-1123 (base 8) to base 2
-1001010011
What is -12929 (base 10) in base 11?
-9794
-5ba (base 15) to base 7
-3535
-25678 (base 11) to base 10
-36748
323220 (base 4) to base 8
7350
What is 197 (base 10) in base 3?
21022
653 (base 8) to base 15
1d7
Convert -1601 (base 12) to base 14.
-d33
Convert -83 (base 10) to base 13.
-65
647 (base 10) to base 16
287
What is -515 (base 8) in base 15?
-173
5124 (base 7) to base 12
1046
-a22 (base 11) to base 9
-1621
What is -32 (base 4) in base 15?
-e
What is -27c (base 14) in base 8?
-766
Convert 60c (base 16) to base 12.
a90
Convert -1110121111 (base 3) to base 14.
-a748
What is -1011000000000 (base 2) in base 8?
-13000
Convert 1122121112 (base 3) to base 6.
410322
What is -1110110101100101 (base 2) in base 11?
-41729
What is 4217 (base 9) in base 5?
44334
-133c (base 14) to base 6
-23402
What is 145a (base 12) in base 15?
a84
What is 14083 (base 11) in base 14?
7448
131 (base 15) to base 8
417
Convert 1229 (base 13) to base 11.
1a27
What is -1110021021 (base 3) in base 12?
-14697
Convert -142 (base 11) to base 6.
-435
1101000110011 (base 2) 